What is the greatest common divisor of 2400 and 1950?
150
What is the highest common divisor of 36 and 96?
12
What is the greatest common factor of 2464 and 77?
77
What is the highest common factor of 120 and 1710?
30
What is the highest common factor of 36 and 126?
18
What is the highest common factor of 1159 and 19?
19
What is the highest common factor of 34 and 1564?
34
What is the highest common divisor of 1725 and 207?
69
Calculate the greatest common divisor of 66 and 186.
6
Calculate the highest common factor of 2158 and 1494.
166
Calculate the greatest common factor of 202 and 14039.
101
What is the greatest common factor of 5365 and 37?
37
What is the highest common divisor of 212 and 8?
4
What is the greatest common factor of 2510 and 15?
5
What is the greatest common divisor of 47 and 1128?
47
Calculate the highest common divisor of 7 and 42.
7
What is the highest common factor of 1183 and 26?
13
What is the greatest common divisor of 570 and 1590?
30
Calculate the highest common divisor of 482 and 4097.
241
Calculate the highest common factor of 50 and 575.
25
Calculate the highest common factor of 92 and 3404.
92
What is the greatest common divisor of 28 and 21770?
14
What is the highest common divisor of 138 and 3450?
138
Calculate the highest common factor of 5270 and 680.
170
Calculate the greatest common divisor of 75 and 3.
3
What is the greatest common factor of 4473 and 284?
71
What is the highest common divisor of 48 and 3632?
16
What is the highest common factor of 27 and 3456?
27
What is the greatest common factor of 774 and 18?
18
Calculate the greatest common factor of 1148 and 336.
28
What is the greatest common divisor of 351 and 972?
27
Calculate the highest common factor of 18 and 234.
18
Calculate the highest common divisor of 117 and 533.
13
What is the highest common divisor of 5 and 5?
5
What is the highest common divisor of 24 and 204?
12
Calculate the greatest common divisor of 50 and 110.
10
Calculate the greatest common divisor of 1066 and 52.
26
What is the greatest common factor of 1540 and 3410?
110
Calculate the greatest common divisor of 20 and 84.
4
Calculate the highest common factor of 24 and 32.
8
What is the greatest common divisor of 1092 and 189?
21
Calculate the greatest common factor of 145 and 6235.
145
What is the highest common factor of 473 and 172?
43
What is the highest common divisor of 165 and 15?
15
What is the highest common factor of 256 and 496?
16
Calculate the greatest common factor of 62 and 155.
31
What is the highest common factor of 360 and 200?
40
What is the highest common divisor of 30 and 2625?
15
Calculate the greatest common factor of 192 and 24.
24
Calculate the greatest common factor of 80 and 5.
5
Calculate the highest common divisor of 24 and 138.
6
What is the highest common factor of 660 and 33?
33
What is the greatest common divisor of 3 and 414?
3
What is the highest common factor of 40 and 10?
10
Calculate the highest common divisor of 8 and 8.
8
Calculate the greatest common divisor of 128 and 12.
4
Calculate the highest common divisor of 2156 and 44.
44
Calculate the greatest common factor of 69 and 966.
69
Calculate the highest common factor of 144 and 252.
36
Calculate the greatest common divisor of 84 and 140.
28
What is the highest common factor of 12 and 2670?
6
Calculate the greatest common factor of 78 and 1417.
13
What is the highest common factor of 1715 and 49?
49
Calculate the highest common divisor of 6 and 2658.
6
What is the highest common divisor of 5488 and 48?
16
Calculate the highest common divisor of 2156 and 418.
22
Calculate the highest common divisor of 150 and 705.
15
What is the greatest common factor of 975 and 105?
15
Calculate the highest common divisor of 285 and 75.
15
Calculate the greatest common factor of 56832 and 111.
111
What is the greatest common divisor of 812 and 696?
116
Calculate the greatest common factor of 4 and 324.
4
Calculate the greatest common divisor of 120 and 45.
15
Calculate the highest common divisor of 1015 and 145.
145
What is the greatest common factor of 11 and 9?
1
What is the highest common factor of 30 and 24?
6
Calculate the highest common divisor of 168 and 896.
56
What is the greatest common factor of 1200 and 48?
48
What is the greatest common divisor of 18 and 1458?
18
What is the highest common divisor of 66 and 1936?
22
Calculate the greatest common divisor of 8991 and 111.
111
What is the greatest common divisor of 12404 and 443?
443
What is the greatest common factor of 322 and 138?
46
What is the greatest common factor of 47 and 1504?
47
What is the greatest common divisor of 287 and 21?
7
Calculate the greatest common divisor of 3 and 267.
3
What is the greatest common divisor of 68 and 578?
34
Calculate the highest common divisor of 378 and 14.
14
Calculate the highest common divisor of 11 and 2013.
11
What is the greatest common factor of 13029 and 387?
129
What is the greatest common factor of 186 and 21?
3
What is the highest common factor of 96 and 156?
12
What is the greatest common factor of 4543 and 7?
7
What is the highest common factor of 117 and 9?
9
What is the highest common factor of 65 and 45?
5
Calculate the highest common divisor of 104 and 65.
13
Calculate the greatest common factor of 30 and 70.
10
Calculate the greatest common factor of 12 and 276.
12
Calculate the greatest common factor of 245 and 140.
35
What is the highest common factor of 5027 and 66?
11
What is the greatest common divisor of 150 and 9850?
50
What is the greatest common factor of 360 and 4230?
90
What is the greatest common factor of 336 and 240?
48
Calculate the highest common divisor of 2540 and 127.
127
Calculate the greatest common factor of 2673 and 33.
33
What is the highest common divisor of 1649 and 51?
17
Calculate the greatest common factor of 12 and 348.
12
What is the highest common divisor of 707 and 14?
7
What is the greatest common factor of 152715 and 15?
15
What is the highest common factor of 126 and 1071?
63
What is the greatest common factor of 1593 and 27?
27
What is the greatest common factor of 704 and 11?
11
Calculate the highest common factor of 192 and 896.
64
What is the highest common divisor of 59 and 4130?
59
Calculate the highest common factor of 987 and 210.
21
What is the greatest common factor of 13 and 1027?
13
What is the highest common divisor of 840 and 345?
15
What is the greatest common divisor of 159 and 371?
53
What is the greatest common divisor of 7 and 2135?
7
What is the highest common factor of 51276 and 24?
12
Calculate the highest common factor of 62 and 98.
2
Calculate the greatest common factor of 54 and 6129.
27
Calculate the highest common factor of 38 and 36271.
19
Calculate the greatest common divisor of 16 and 16.
16
Calculate the greatest common divisor of 52 and 1348.
4
Calculate the greatest common divisor of 78 and 52.
26
What is the highest common divisor of 336 and 112?
112
Calculate the greatest common divisor of 37629 and 74.
37
Calculate the greatest common divisor of 15 and 105.
15
Calculate the greatest common factor of 14 and 80038.
14
What is the greatest common factor of 212 and 212?
212
Calculate the greatest common divisor of 54 and 189.
27
Calculate the highest common factor of 26 and 208.
26
Calculate the highest common divisor of 110 and 495.
55
What is the greatest common divisor of 116 and 174?
58
What is the highest common divisor of 9 and 21069?
9
What is the greatest common divisor of 1136 and 16?
16
Calculate the greatest common divisor of 10 and 2570.
10
Calculate the highest common factor of 74 and 481.
37
What is the greatest common divisor of 4107 and 333?
111
What is the highest common factor of 26650 and 325?
325
What is the highest common factor of 420 and 8220?
60
Calculate the greatest common divisor of 3 and 189.
3
What is the highest common factor of 108 and 276?
12
Calculate the greatest common divisor of 27410 and 20.
10
Calculate the greatest common factor of 324 and 4.
4
What is the greatest common factor of 12 and 60?
12
What is the highest common factor of 160 and 208?
16
What is the highest common factor of 3885 and 30?
15
What is the highest common divisor of 21 and 489?
3
What is the highest co